u + 54 = 5*u - 3*d. What is the remainder when 30 - (-3 - -5) - 3 is divided by u?
12
Suppose 3*k - 2*k - 45 = 0. Calculate the remainder when k is divided by 24.
21
Suppose -550 = -6*m + m. What is the remainder when m is divided by 19?
15
Let h(c) = c**2 + 11*c + 11. Let a be h(-10). Calculate the remainder when a + 1 - 1 - -14 is divided by 6.
3
Suppose 5*b + 94 = 3*w, 5 = -2*b - 5. Calculate the remainder when 160 is divided by w.
22
Let k = 16 + -17. Let z = 29 - k. Calculate the remainder when z is divided by 11.
8
Calculate the remainder when 27/18 + (-146)/(-4) is divided by 10.
8
Suppose 8 = 5*f - 12. What is the remainder when 9 is divided by f?
1
Let r = 28 - 14. Suppose -4*l + 5*i = -0*i - 45, 5*i = -2*l - 15. Let b(w) = 3*w**2 - 7*w. Calculate the remainder when b(l) is divided by r.
12
Let w(d) = -3*d + 8. Let y be w(-7). Let c = -16 + y. Calculate the remainder when 49 is divided by c.
10
Suppose 3 = 2*a - 3. Suppose 3 = m - a. Calculate the remainder when 16 is divided by m.
4
Suppose -4*w + 36 = -76. What is the remainder when w is divided by 8?
4
Suppose -2*d + 0*d = -8. Suppose 91 = 4*o - d*s + 3*s, -o = -5*s - 37. Calculate the remainder when o is divided by 8.
6
Suppose -2*g - 86 = -4*o, -o + 11 = -11*g + 7*g. What is the remainder when o is divided by 13?
10
Let j(z) = -z**3 + z**2 + 8. What is the remainder when 18 is divided by j(0)?
2
Suppose 0 = -3*x - 32 + 50. Calculate the remainder when 15 is divided by x.
3
Let f be 16 + (-3)/(-6)*4. Suppose -q = 2 - f. Calculate the remainder when 31 is divided by q.
15
Suppose 2*b - 36 = 22. Suppose 2*d - 3*z - b = 0, 3*d + 0*z - 42 = 4*z. Let y = 32 + -3. Calculate the remainder when y is divided by d.
9
Suppose 0 = -v + 3*f + 5, 21 = v - 0*f + 5*f. What is the remainder when v is divided by (-2 - 0)*14/(-4)?
4
Let u(f) = -3*f**3 + f**2 - 3*f - 2. Let r be u(-2). Suppose 5*h + 4*i = 40, -4*i = 4*h + i - r. What is the remainder when 23 is divided by h?
7
What is the remainder when (12/36)/((-2)/(-270)) is divided by 16?
13
Let p(q) = q + 9. What is the remainder when 50 is divided by p(8)?
16
Suppose 3*y - 98 = -5*t + 123, -y + 131 = 3*t. Let k(u) = -u**3 + 6*u**2 - 3*u - 4. Let w be k(4). What is the remainder when t is divided by w + -1 - 0/2?
13
Let x = 10 - -2. Calculate the remainder when 34 is divided by x.
10
Let y(k) = -k**2 - 34*k - 55. Calculate the remainder when 149 is divided by y(-31).
35
What is the remainder when 11 is divided by ((-30)/(-5))/((-3)/(-2))?
3
Suppose -9 = -5*x - 4*u + 15, -2*x = u - 12. Suppose -2*d = -6 - x. What is the remainder when d is divided by 4?
3
Suppose -q - 3*j - 6 = -6*j, 0 = -q + 2*j - 2. Calculate the remainder when 8 is divided by q.
2
Let m = 161 + -118. What is the remainder when m is divided by 24?
19
Suppose 0 = -0*v + 5*v - 2*t, 0 = -3*v + 3*t. Suppose v = -7*y + 3*y + 40. Suppose y = 4*i - 18. Calculate the remainder when 19 is divided by i.
5
Suppose -u = 3*a + a - 58, 5*a = -3*u + 69. What is the remainder when 58 is divided by a?
13
Let h(c) = 67*c + 3. What is the remainder when h(1) is divided by 19?
13
Suppose 11 = 2*s - 9. Suppose s = 4*n - 3*n + 2*m, 3*n + 4*m = 30. Calculate the remainder when 37 is divided by n.
7
Let k = 0 - -15. What is the remainder when 103 is divided by k?
13
Suppose 0 = -x + 3*h + 17, -h + 5 + 0 = 5*x. Let k = 18 + -11. What is the remainder when (0 + 38/4)*x is divided by k?
5
Let p(k) be the third derivative of -k**4/24 + 7*k**3/6 + k**2. Calculate the remainder when p(-5) is divided by 7.
5
Suppose 102 - 7 = 5*x. Suppose d + 25 = 5*u, -5*u + 7*u - d = 13. Suppose -2*m = 2*s - 28, -2*m - u*s = -9*s. Calculate the remainder when x is divided by m.
9
Suppose -q + 7 = -11. Let w = q - 10. Let d(k) = -k + 11. Calculate the remainder when d(-12) is divided by w.
7
Suppose -9*g + 32 = -5*g. Calculate the remainder when g is divided by 2.
0
Let b(l) = l**2 + 14. Let c(k) = k**2 - 15*k + 13. Let p(h) = h - 1. Let d(q) = c(q) + 5*p(q). Calculate the remainder when b(0) is divided by d(10).
6
Let o = 70 - 53. Calculate the remainder when 50 is divided by o.
16
Calculate the remainder when 19 is divided by (2808/(-30))/(-9) + (-2)/5.
9
Let u(f) = -f**3 - 6*f**2 - 5*f + 7. What is the remainder when 11 is divided by u(-5)?
4
Suppose 0 = -q - 5*q + 174. Calculate the remainder when q is divided by 6.
5
Suppose 67 = y - 4*m, y = -m - 0*m + 52. Calculate the remainder when y is divided by 1*6 + (-240)/(-30).
13
Let g(w) = -2*w**3 - 6*w**2 - 6*w + 2. What is the remainder when 23 is divided by g(-2)?
5
Suppose h + p = 19 - 2, 5*h = 4*p + 49. Let s be 9/(-2)*(-2)/(-3). Let x(d) = -d**3 + d**2 + 1. What is the remainder when x(s) is divided by h?
11
Suppose 2*x = 3*j + 12, -2*x = 3*j - 4*j - 8. Calculate the remainder when 42 is divided by x.
0
Let b(v) = 2*v**2 + 6*v + 4. Let i(o) = 4*o**2 + 0*o**2 - 1 + 5*o**2. What is the remainder when i(-2) is divided by b(-4)?
11
Let v = 83 + -14. Calculate the remainder when v is divided by 12.
9
Suppose -3*q - 2*p - 14 = -0*q, 0 = -3*q + 4*p + 10. Calculate the remainder when 105 is divided by 54/(-4)*(0 + q).
24
Suppose -4*f + 81 = 3*g, 0*f + 103 = 5*f + 2*g. Calculate the remainder when 251 is divided by f.
20
Suppose 8*o - 10 = 3*o. Suppose -4*r = -2*r - 24. What is the remainder when (42/(-9))/o*-15 is divided by r?
11
Let v = 29 - -11. Calculate the remainder when v is divided by -1 - -2*1 - -13.
12
Suppose 0*k = 2*w + k - 35, 3*k = -3*w + 57. Calculate the remainder when 30 is divided by w.
14
Suppose -2*l - 5*r = -66, -4*l = -10*r + 11*r - 96. Calculate the remainder when l is divided by 18/(-1*(-3)/2).
11
Let v = 13 + 0. Suppose i = 3 + 51. Calculate the remainder when i is divided by (-8 - -4)/(-4) + v.
12
Let l(k) = 19*k - 4. Calculate the remainder when l(3) is divided by 14.
11
Let g = 2 - -14. Let z(p) = 30*p**2 + p - 1. Suppose 0*s - 1 = -s. What is the remainder when z(s) is divided by g?
14
What is the remainder when 4/(-6) + 173/3 is divided by 60/(-14)*(-28)/6?
17
Suppose -2*l + 5*l - 69 = -3*i, 5*i + 115 = 5*l. Calculate the remainder when 43 is divided by l.
20
Let b be (-10)/4*84/(-15). Let r = b - 7. What is the remainder when 26 is divided by r?
5
Let q(y) = -y - 7. Calculate the remainder when q(-13) is divided by 2.
0
Suppose 2*o - 4 = 0, -87 = -0*u - 3*u + 3*o. Let j = -21 + 32. What is the remainder when u is divided by j?
9
Let g(l) = 21*l**2. Let x(q) = 2 + q + 5*q**2 - 3*q - 3*q**2. Calculate the remainder when x(6) is divided by g(-1).
20
Suppose -3*r = -2*r - 7. Suppose -40 = -3*h + r*d - 2*d, -41 = -3*h + 4*d. What is the remainder when h is divided by 4?
3
Suppose 0 = -5*a + 27 + 358. What is the remainder when a is divided by 27?
23
Let f be (0 + -3)/(3/(-8)). Let w be (-28)/f*(-4)/7. Suppose -3*v = -4*t - 107, w*v - 3*t = -5*t + 48. Calculate the remainder when v is divided by 16.
13
Let f be 534/(-27) + 4/(-18). Suppose -5*v + 130 + 25 = 0. Calculate the remainder when v is divided by f/3*12/(-10).
7
Let s(r) = -5*r + 2 + 0*r + 6*r. Let q be 1/(-2)*12/(-2). Calculate the remainder when 8 is divided by s(q).
3
Suppose -4*d - 12 = 5*j, 7*d - 2*d = -5*j - 15. Suppose 0 = -4*z - j*z + 84. What is the remainder when z is divided by 12?
9
Let s = 144 + -55. What is the remainder when s is divided by 46?
43
Let z be ((-16)/32)/((-1)/6). Suppose 2*i + z*i - 115 = 0. Calculate the remainder when i is divided by 6.
5
Suppose -2*k + 2*l - 80 = 0, 4*k + 77 + 75 = -4*l. Let y = 1 - k. What is the remainder when y is divided by 14?
12
Calculate the remainder when 110 is divided by (-4 + 3)/((-7)/259).
36
Suppose -4*d = -2*f + 22, 3*d = f + 10 - 24. Calculate the remainder when 16 is divided by f.
1
Suppose 0 = 4*o + 6 - 86. Suppose o = 3*s + 5. Suppose -2*d - 32 = -5*n - 2, -s*n + 30 = 2*d. What is the remainder when 17 is divided by n?
5
Let g(h) = -h**2 + 2*h + 23. Let i be g(0). Let r = 86 - i. Calculate the remainder when r is divided by 22.
19
Let l = -3 + 15. Let f = l - 6. What is the remainder when 10 is divided by f?
4
Let s(b) = 0*b + 2*b + 6 - 2*b + b**2. Calculate the remainder when s(6) is divided by 22.
20
Let c = -4 - -9. Suppose -13 - 7 = -c*y. Suppose -y*o + 22 = -14. What is the remainder when o is divided by 5?
4
Let n = 